12)/(-28) + (-12)/42?
3, 131
Suppose -4*u - 4*t + 0*t = -1244, 930 = 3*u + 4*t. Suppose -2*s + 22 + u = 0. What are the prime factors of s?
2, 3, 7
Suppose -12 = 3*o - 9*o. List the prime factors of -5 + o + 4 + 156.
157
Suppose -7*l = -6*l - 3. Suppose -7 = -2*v - l. Suppose 3*q = -d + 43, 0 = -v*d - 2*q + 81 - 15. List the prime factors of d.
2, 7
Let j(p) = -13*p**3 - 5*p**2 - 13*p + 11. List the prime factors of j(-5).
2, 197
Let a be (-1)/(((-3)/1)/(-9)). Let o = a - -8. Suppose -2*j + 5*j + 19 = o*x, -x + 3*j - 1 = 0. What are the prime factors of x?
5
Let t(j) = j + 7. Let y be (-231)/(-14) + 2/(-4). List the prime factors of t(y).
23
Let o(g) = -6*g - 26. Let a be o(14). Let w = a + 193. What are the prime factors of w?
83
Let a = 45 + -10. Suppose 4*t = -u + 19 + a, 2*t = u - 60. What are the prime factors of u?
2, 29
Let j(v) = 5*v**2 - 1. Suppose 3 = -h - 2*t, -2*h + t = 4*t + 4. Let g be j(h). Suppose 7 - 47 = -g*b. What are the prime factors of b?
2, 5
Let g(x) = -x**3 + x**2 + x + 1. Let v be g(-1). Suppose 2*t - 90 = v*n + 46, -n = 4*t + 58. List the prime factors of (4/3)/((-4)/n).
2, 11
Let s be (-4 - -2 - -2)/(1 + -2). Let l(x) = 3*x - 4*x - 18 + 44. List the prime factors of l(s).
2, 13
Suppose -6*a + 612 = -66. What are the prime factors of a?
113
Let q(v) = v**2 + 8*v - 1. Let l be q(-8). Let d be (-144)/(-3)*l/2. Let s = -8 - d. List the prime factors of s.
2
Let j = 262 + -259. Suppose 0 = -2*r + r. Suppose r = n - j*n + 24. What are the prime factors of n?
2, 3
Let n(y) = 2*y - 2. Let i be n(2). Suppose 0 = -2*c - 2*j + 70, -4*c + i*c + 73 = -j. Suppose 5*k = 2*w - 2, -2*k + 4*k = 4*w - c. List the prime factors of w.
11
Let v(j) = -7*j**2 + 4*j - 18. Let o(y) = y**2 + y + 1. Let p(m) = 6*o(m) + v(m). Let q be (-10 - -7) + 10/1. List the prime factors of p(q).
3
Suppose 0 = 42*c - 116 - 136. Let m be (-1 - -2 - 0)*2. Suppose -x + 25 = m*p, -4*x - c*p + 85 = -p. What are the prime factors of x?
3, 5
Let r(g) = g**3 + 16*g**2 + 29*g + 19. Let v be r(-14). Suppose 4*y = -5*p + 450 + 61, 3*p - 304 = -v*y. List the prime factors of p.
103
Let m(y) = y**3 - y**2 - 5*y + 3. Let w be m(3). What are the prime factors of w - 3 - (-43 - 1)?
47
Let t = -42 - -91. Suppose -t*d = -51*d + 444. List the prime factors of d.
2, 3, 37
Let o = 51 - 37. List the prime factors of (o/(-4) - 1)*184/(-12).
3, 23
List the prime factors of (-7 - (-5 - -2)) + 186.
2, 7, 13
Suppose l = 4*z + 3*l + 20, -10 = 2*z - l. Let a be z*(32/10)/(-4). Suppose -a = -x + 4. What are the prime factors of x?
2
Let t(z) = -11*z + 126. What are the prime factors of t(6)?
2, 3, 5
Suppose -4*s = -v - 4, -5*v - 4*s - 1 = -5. Let l be (-2)/(-6)*v + 0. Suppose l = -2*y + 4*c + 6, 8*c - 25 = 3*c. List the prime factors of y.
13
Let h(i) be the third derivative of -i**6/120 - 7*i**5/60 - 5*i**4/12 - 4*i**3/3 + 169*i**2. Let r = -11 + 5. List the prime factors of h(r).
2
Suppose 0 = x - 3, 84 = 4*z + x - 39. Suppose -z = -7*j + 2*j. Suppose t = j*t - 130. List the prime factors of t.
2, 13
Suppose g = 1, -4*c + 7 = -g - 8. Suppose 0 = c*q - 3*q - 3. Let y(z) = z**3 + 3*z**2 - 3*z. What are the prime factors of y(q)?
3, 5
Suppose -4*l + 1599 - 479 = 0. Let z(d) = -d**2 - 9*d - 14. Let s be z(-4). Suppose -g - l = -s*g. What are the prime factors of g?
2, 7
What are the prime factors of (6/(-4))/((-159)/261184)?
2, 7, 11
What are the prime factors of 35/(-21) - (-14048)/12?
7, 167
Let i = -296 + 611. Let d = i + -224. List the prime factors of d.
7, 13
Suppose 5*c = -2*q + 145, c - 190 = -3*q - c. What are the prime factors of q?
2, 3, 5
List the prime factors of 2/(-10)*-377 - (-24)/40.
2, 19
Let c be 4*(-422)/(-8)*(3 - 2). Suppose c + 1119 = 10*p. List the prime factors of p.
7, 19
Let v(o) = 5*o**3 - 2*o**2 + 2*o + 4. Let p be ((-6)/(-3))/(-1) + 6. Let k be v(p). List the prime factors of k/(-6)*4/(-10).
2, 5
Let t = 106 - 101. Suppose -t*g + 140 = -45. What are the prime factors of g?
37
Let d be ((-6)/2)/((-39)/65). Suppose g - d = 87. List the prime factors of g.
2, 23
Let b(m) be the third derivative of -m**5/20 - 5*m**4/12 - 4*m**3/3 - m**2. Let a be b(-6). Let s = -38 - a. What are the prime factors of s?
2, 3
Suppose -173 = -3*n - 14. Let m = n + 8. Suppose 2*h = -1 + m. List the prime factors of h.
2, 3, 5
Let z = -820 - -1606. What are the prime factors of z?
2, 3, 131
Let v(r) = 4*r**3 - 6*r**2 - 7*r + 1. Let f be v(-5). Let c = 90 + -102. List the prime factors of 6/(-36) + f/c.
3, 17
Let q = 2 - -1. Suppose 2*n - 156 = t - 9, q*n - 441 = 3*t. Let m = -98 - t. What are the prime factors of m?
7
Let s = -444 + 266. Let z = 290 + s. List the prime factors of z.
2, 7
Let f(d) = -31*d - 7. Let b be f(-1). Suppose 0 = b*y - 13*y - 2684. What are the prime factors of y?
2, 61
Suppose 15*o - 7694 + 14 = 0. What are the prime factors of o?
2
Let b(h) be the first derivative of -h**4/4 - 2*h**3 + 10*h**2 + 19. What are the prime factors of b(-9)?
3, 7
Suppose -9*u + 41 - 23 = 0. Let r be 6/8*(-2 + -2). What are the prime factors of 20 + (r - (u - 2))?
17
What are the prime factors of (14/10)/((-6)/(-1830))?
7, 61
Let j(q) = -q**3 + 7*q**2 + 7*q + 10. Let x be j(8). Suppose 2*a - g = 6*a - 227, x*a = -4*g + 110. What are the prime factors of a?
3, 19
Let v(k) = 21*k**2 + 1. Let u be v(2). Suppose u = 2*q + w, -3*q + 6 = -4*w - 105. Suppose -2*t - q = -3*c, 2*c + 3*t - 54 = -t. List the prime factors of c.
17
Suppose -5*j = -2325 + 500. List the prime factors of (-12)/84 + j/7.
2, 13
Let a = 5659 - 1899. List the prime factors of a.
2, 5, 47
Suppose -2*o = 2*m + 2*m - 10, m - 10 = -2*o. Suppose m = -11*p + 1807 + 1141. List the prime factors of p.
2, 67
Suppose -9 = 5*c - 6*c. Let r(a) = 4*a. What are the prime factors of r(c)?
2, 3
Let x(u) be the first derivative of u**6/60 - u**5/60 + u**4/12 + 5*u**2/2 + 7. Let h(i) be the second derivative of x(i). List the prime factors of h(2).
2
Let m = -45 + 48. Suppose m*c - 251 = 5*h, 5*c - 413 = -h + 4*h. List the prime factors of c.
2, 41
Suppose 17*w = 11*w + 2844. List the prime factors of w.
2, 3, 79
Suppose 7*h - 461 + 48 = 0. Let x = h - -78. List the prime factors of x.
137
Suppose -3*r - 40 = 5*w + 19, -4*r = 12. Let o(d) = -14*d. Let x be o(1). Let s = w - x. What are the prime factors of s?
2
Let m = 11 - 8. Let z = 283 - 185. Suppose r = -3*n + z, -4*r = m*n - 74 - 21. What are the prime factors of n?
3, 11
Let z(x) be the second derivative of 3*x**4/4 + 2*x**3/3 + 13*x. Let v(c) = c - 9. Let s be v(6). What are the prime factors of z(s)?
3, 23
Let k(q) be the first derivative of 5*q**2/2 - 2*q + 3. Let v be (7/2)/(8/16). List the prime factors of k(v).
3, 11
Let b = 62 - 22. Suppose 43*r = b*r + 375. What are the prime factors of r?
5
Let q be 10/25*(-3 - -53). Let p = q - 18. Suppose -96 = -6*o + p*o. List the prime factors of o.
2, 3
Suppose -4*h - 4*y = -4, -2*y = -5*h - 6*y. Let n be (1/(-2))/(h/96). Let j = 21 - n. List the prime factors of j.
3
Suppose -32*g + 72070 = -8474. What are the prime factors of g?
3, 839
Let a(d) be the first derivative of -7*d**5/120 + 5*d**4/24 + 2*d**3 + 4. Let j(v) be the third derivative of a(v). What are the prime factors of j(-7)?
2, 3
Let m(k) = k**2 + 1 - 5*k - 7 + 6 - 1. Let d be m(7). Suppose 0 = -2*u + 89 - d. What are the prime factors of u?
2, 19
Let t(s) = -47*s + 48*s + 2*s**2 - 6 + 1 + 1. List the prime factors of t(-7).
3, 29
Let m be (-6)/(-21) - 99/(-21). Suppose j - 4*q = 56, q + 0*q + 337 = m*j. List the prime factors of j.
2, 17
Suppose 0 = -10*z + 746 + 5864. List the prime factors of z.
661
Let l = -24 - -70. Suppose -80 = -4*t - 4*m, -3*t - 5*m + 80 = 26. Let q = l - t. List the prime factors of q.
23
Let b(o) = -5 + 3 + 7 + 28*o - 2. List the prime factors of b(4).
5, 23
Let q be 3*1*(-2 - -1). Let d(j) = -j**2 - 5*j - 3. Let h be d(q). Suppose -153 = -5*p + h*x + 43, 5*x = -5*p + 180. What are the prime factors of p?
2, 19
Suppose -2*z + 1952 = 2*x, -4*x + 5*z - 899 = -4839. What are the prime factors of x?
2, 5, 7
Let x = 0 + 30. Suppose -r + x = -6*r. List the prime factors of r/24 + (-42)/(-8).
5
Let l = 1785 - -366. What are the prime factors of l?
3, 239
Let t(i) = -120*i**2 - i + 1. Let y be t(2). Let x = 695 + y. List the prime factors of x.
2